 by 49.
8
What is the remainder when 10753 is divided by 239?
237
Calculate the remainder when 143 is divided by 24.
23
What is the remainder when 180 is divided by 94?
86
Calculate the remainder when 975 is divided by 17.
6
What is the remainder when 310 is divided by 13?
11
What is the remainder when 4093 is divided by 128?
125
Calculate the remainder when 131 is divided by 45.
41
What is the remainder when 2728 is divided by 10?
8
Calculate the remainder when 51 is divided by 41.
10
What is the remainder when 591 is divided by 293?
5
What is the remainder when 4585 is divided by 85?
80
Calculate the remainder when 621 is divided by 307.
7
What is the remainder when 676 is divided by 331?
14
What is the remainder when 364 is divided by 110?
34
What is the remainder when 232 is divided by 49?
36
Calculate the remainder when 2175 is divided by 136.
135
Calculate the remainder when 138 is divided by 14.
12
What is the remainder when 640 is divided by 107?
105
Calculate the remainder when 842 is divided by 122.
110
Calculate the remainder when 85 is divided by 13.
7
Calculate the remainder when 21 is divided by 14.
7
What is the remainder when 7828 is divided by 290?
288
Calculate the remainder when 99 is divided by 52.
47
Calculate the remainder when 155 is divided by 26.
25
What is the remainder when 1592 is divided by 132?
8
Calculate the remainder when 175 is divided by 61.
53
Calculate the remainder when 6658 is divided by 12.
10
What is the remainder when 45 is divided by 13?
6
What is the remainder when 2965 is divided by 35?
25
What is the remainder when 88 is divided by 37?
14
What is the remainder when 80 is divided by 70?
10
Calculate the remainder when 562 is divided by 79.
9
Calculate the remainder when 76 is divided by 10.
6
Calculate the remainder when 6177 is divided by 35.
17
Calculate the remainder when 268 is divided by 47.
33
What is the remainder when 585 is divided by 84?
81
Calculate the remainder when 383 is divided by 65.
58
Calculate the remainder when 2076 is divided by 99.
96
Calculate the remainder when 114 is divided by 97.
17
Calculate the remainder when 2989 is divided by 13.
12
Calculate the remainder when 57 is divided by 32.
25
Calculate the remainder when 69 is divided by 57.
12
What is the remainder when 840 is divided by 30?
0
What is the remainder when 545 is divided by 264?
17
What is the remainder when 1709 is divided by 66?
59
Calculate the remainder when 3966 is divided by 27.
24
What is the remainder when 595 is divided by 67?
59
Calculate the remainder when 448 is divided by 41.
38
Calculate the remainder when 87 is divided by 46.
41
Calculate the remainder when 102 is divided by 40.
22
What is the remainder when 1221 is divided by 398?
27
Calculate the remainder when 118 is divided by 26.
14
What is the remainder when 1147 is divided by 89?
79
What is the remainder when 178 is divided by 36?
34
Calculate the remainder when 2648 is divided by 52.
48
Calculate the remainder when 143 is divided by 45.
8
Calculate the remainder when 7088 is divided by 2362.
2
Calculate the remainder when 1209 is divided by 201.
3
What is the remainder when 656 is divided by 94?
92
What is the remainder when 4321 is divided by 94?
91
Calculate the remainder when 623 is divided by 16.
15
Calculate the remainder when 450 is divided by 66.
54
Calculate the remainder when 3069 is divided by 118.
1
Calculate the remainder when 550 is divided by 18.
10
Calculate the remainder when 181 is divided by 44.
5
Calculate the remainder when 547 is divided by 9.
7
Calculate the remainder when 100 is divided by 40.
20
What is the remainder when 434 is divided by 101?
30
What is the remainder when 1109 is divided by 219?
14
What is the remainder when 283 is divided by 92?
7
Calculate the remainder when 572 is divided by 40.
12
What is the remainder when 4294 is divided by 12?
10
What is the remainder when 416 is divided by 38?
36
What is the remainder when 64 is divided by 34?
30
What is the remainder when 272 is divided by 40?
32
What is the remainder when 2818 is divided by 30?
28
Calculate the remainder when 333 is divided by 6.
3
Calculate the remainder when 85 is divided by 47.
38
What is the remainder when 119 is divided by 11?
9
Calculate the remainder when 68 is divided by 38.
30
What is the remainder when 314 is divided by 80?
74
What is the remainder when 719 is divided by 12?
11
What is the remainder when 7387 is divided by 1845?
7
Calculate the remainder when 51 is divided by 45.
6
Calculate the remainder when 1288 is divided by 108.
100
What is the remainder when 51 is divided by 21?
9
What is the remainder when 3 is divided by 3?
0
What is the remainder when 808 is divided by 10?
8
What is the remainder when 99 is divided by 41?
17
Calculate the remainder when 68 is divided by 26.
16
What is the remainder when 383 is divided by 106?
65
What is the remainder when 189 is divided by 34?
19
What is the remainder when 61 is divided by 3?
1
Calculate the remainder when 161 is divided by 42.
35
Calculate the remainder when 998 is divided by 175.
123
What is the remainder when 123 is divided by 16?
11
What is the remainder when 134 is divided by 67?
0
Calculate the remainder when 146 is divided by 20.
6
Calculate the remainder when 339 is divided by 107.
18
What is the remainder when 1815 is divided by 107?
103
Calculate the remainder when 7777 is divided by 139.
132
Calculate the remainder when 153 is divided by 71.
11
What is the remainder when 352 is divided by 138?
76
Calculate the remainder when 1616 is divided by 805.
6
Calculate the remainder when 112 is divided by 22.
2
What is the remainder when 39 is divided by 6?
3
Calculate the remainder when 85 is divided by 9.
4
Calculate the remainder when 244 is divided by 32.
20
Calculate the remainder when 427 is divided by 136.
19
What is the remainder when 355 is divided by 101?
52
Calculate the remainder when 269 is divided by 30.
29
What is the remainder when 630 is divided by 8?
6
What is the remainder when 1331 is divided by 6?
5
Calculate the remainder when 1840 is divided by 69.
46
What is the remainder when 5374 is divided by 14?
12
What is the remainder when 180 is divided by 167?
13
What is the remainder when 3099 is divided by 66?
63
What is the remainder when 2612 is divided by 378?
344
What is the remainder when 310 is divided by 39?
37
Calculate the remainder when 734 is divided by 210.
104
What is the remainder when 6664 is divided by 155?
154
What is the remainder when 94 is divided by 17?
9
Calculate the remainder when 167 is divided by 88.
79
Calculate the remainder when 243 is divided by 81.
0
Calculate the remainder when 63355 is divided by 188.
187
Calculate the remainder when 98 is divided by 11.
10
What is the remainder when 146 is divided by 25?
21
What is the remainder when 484 is divided by 21?
1
Calculate the remainder when 596 is divided by 46.
44
What is the remainder when 1256 is divided by 74?
72
Calculate the remainder when 455 is divided by 296.
159
What is the remainder when 8 is divided by 4?
0
Calculate the remainder when 4766 is divided by 81.
68
Calculate the remainder when 93 is divided by 16.
13
What is the remainder when 1057 is divided by 53?
50
What is the remainder when 609 is divided by 225?
159
What is the remainder when 55 is divided by 5?
0
Calculate the remainder when 70 is divided by 41.
29
What is the remainder when 698 is divided by 698?
0
What is the remainder when 371 is divided by 63?
56
What is the remainder when 367 is divided by 80?
47
What is the remainder when 4846 is divided by 535?
31
Calculate the remainder when 3443 is divided by 9.
5
Calculate the remainder when 1988 is divided by 518.
434
Calculate the remainder when 40702 is divided by 212.
210
Calculate the remainder when 78 is divided by 15.
3
What is the remainder when 31 is divided by 12?
7
Calculate the remainder when 147 is divided by 48.
3
What is the remainder when 1363 is divided by 315?
103
Calculate the remainder when 516 is divided by 255.
6
What is the remainder when 480 is divided by 217?
46
What is the remainder when 244 is divided by 10?
4
Calculate the remainder when 261 is divided by 137.
124
What is the remainder when 646 is divided by 10?
6